{"id":1141,"date":"2021-11-16T17:15:17","date_gmt":"2021-11-16T16:15:17","guid":{"rendered":"https:\/\/edelweiss-hotel.it\/?page_id=1141"},"modified":"2026-05-05T12:52:52","modified_gmt":"2026-05-05T10:52:52","slug":"il-ristorante","status":"publish","type":"page","link":"https:\/\/edelweiss-hotel.it\/?page_id=1141","title":{"rendered":"Il Bar Bistr\u00f2"},"content":{"rendered":"<p>[et_pb_section fb_built=&#8221;1&#8243; module_id=&#8221;restaurant-banner&#8221; _builder_version=&#8221;4.16&#8243; background_color=&#8221;RGBA(0,0,0,0)&#8221; background_image=&#8221;http:\/\/edelweiss-hotel.it\/wp-content\/uploads\/2021\/07\/photo_2021-07-18-20.20.18.jpeg&#8221; parallax=&#8221;on&#8221; custom_padding=&#8221;300px||300px|&#8221; global_colors_info=&#8221;{}&#8221;][et_pb_row _builder_version=&#8221;4.16&#8243; background_size=&#8221;initial&#8221; background_position=&#8221;top_left&#8221; background_repeat=&#8221;repeat&#8221; global_colors_info=&#8221;{}&#8221;][et_pb_column type=&#8221;4_4&#8243; _builder_version=&#8221;4.16&#8243; custom_padding=&#8221;|||&#8221; global_colors_info=&#8221;{}&#8221; custom_padding__hover=&#8221;|||&#8221;][dnxt_next_text_highlight highlight_text=&#8221;Bar-Bistr\u00f2&#8221; heading_tag=&#8221;h1&#8243; highlight_alignment=&#8221;center&#8221; stroke_color=&#8221;#FDFCFB&#8221; _builder_version=&#8221;4.24.0&#8243; _module_preset=&#8221;default&#8221; heading_fonts_font=&#8221;Alex Brush||||||||&#8221; animation_fonts_font=&#8221;Cormorant Garamond||on||||||&#8221; animation_fonts_text_color=&#8221;#FDFCFB&#8221; animation_fonts_font_size=&#8221;120px&#8221; animation_fonts_letter_spacing=&#8221;3px&#8221; animation_fonts_font_size_tablet=&#8221;100px&#8221; animation_fonts_font_size_phone=&#8221;70px&#8221; animation_fonts_font_size_last_edited=&#8221;on|tablet&#8221; animation_fonts_text_shadow_style=&#8221;preset3&#8243; animation_fonts_text_shadow_color=&#8221;#FDFCFB&#8221; global_colors_info=&#8221;{}&#8221; animation_fonts_text_shadow_horizontal_length__hover_enabled=&#8221;off|desktop&#8221;][\/dnxt_next_text_highlight][\/et_pb_column][\/et_pb_row][\/et_pb_section][et_pb_section fb_built=&#8221;1&#8243; _builder_version=&#8221;4.24.0&#8243; _module_preset=&#8221;default&#8221; global_colors_info=&#8221;{}&#8221;][et_pb_row _builder_version=&#8221;4.24.0&#8243; _module_preset=&#8221;default&#8221; global_colors_info=&#8221;{}&#8221;][et_pb_column type=&#8221;4_4&#8243; _builder_version=&#8221;4.24.0&#8243; _module_preset=&#8221;default&#8221; global_colors_info=&#8221;{}&#8221;][\/et_pb_column][\/et_pb_row][\/et_pb_section][et_pb_section fb_built=&#8221;1&#8243; module_id=&#8221;restaurant-history&#8221; _builder_version=&#8221;4.16&#8243; background_enable_color=&#8221;off&#8221; use_background_color_gradient=&#8221;on&#8221; background_color_gradient_stops=&#8221;rgba(0,94,42,0.63) 0%|#ffffff 100%&#8221; background_color_gradient_start=&#8221;rgba(0,94,42,0.63)&#8221; background_color_gradient_end=&#8221;#ffffff&#8221; min_height=&#8221;499.9px&#8221; custom_margin=&#8221;||102px|||&#8221; custom_padding=&#8221;||0px|||&#8221; global_colors_info=&#8221;{}&#8221;][et_pb_row column_structure=&#8221;1_2,1_2&#8243; make_equal=&#8221;on&#8221; _builder_version=&#8221;4.16&#8243; custom_padding=&#8221;27px||0px|||&#8221; scroll_blur_enable=&#8221;on&#8221; global_colors_info=&#8221;{}&#8221;][et_pb_column type=&#8221;1_2&#8243; module_class=&#8221;res-col1&#8243; _builder_version=&#8221;4.16&#8243; background_color=&#8221;#FFFFFF&#8221; custom_padding=&#8221;50px|50px|50px|50px&#8221; box_shadow_style=&#8221;preset1&#8243; global_colors_info=&#8221;{}&#8221; custom_padding__hover=&#8221;|||&#8221;][et_pb_text _builder_version=&#8221;4.24.0&#8243; text_font=&#8221;Cormorant Garamond||||||||&#8221; text_text_color=&#8221;#005e2a&#8221; text_font_size=&#8221;20px&#8221; text_orientation=&#8221;center&#8221; min_height=&#8221;543.9px&#8221; custom_margin=&#8221;-47px|||||&#8221; custom_padding=&#8221;39px|||||&#8221; global_colors_info=&#8221;{}&#8221;]<\/p>\n<p>Novit\u00e0 2026 \u00e8 il nostro bar bistr\u00f2, dove la magia della montagna si fonde con un&#8217;atmosfera informale e accogliente.<\/p>\n<p>Qui potrete gustare un&#8217;ampia gamma di bevande selezionate, accompagnate da stuzzichini preparati con ingredienti freschi e locali, mantenendo sempre al centro l&#8217;impegno per la qualit\u00e0 che ci contraddistingue. Ogni sorso e ogni morso raccontano la storia del nostro territorio, invitandovi a rilassarvi mentre vi godete il meraviglioso panorama che ci circonda.<\/p>\n<p>Con l&#8217;arte dell\u2019accoglienza della Famiglia Zamperini, vi aspettiamo per condividere momenti speciali in un ambiente che abbraccia il calore e la convivialit\u00e0 delle nostre tradizioni.<\/p>\n<p>[\/et_pb_text][\/et_pb_column][et_pb_column type=&#8221;1_2&#8243; module_class=&#8221;res-col2&#8243; _builder_version=&#8221;4.16&#8243; background_image=&#8221;http:\/\/edelweiss-hotel.it\/wp-content\/uploads\/2022\/05\/20220416_180710_HDR-scaled.jpg&#8221; parallax=&#8221;on&#8221; custom_padding=&#8221;185px||180px|&#8221; box_shadow_style=&#8221;preset1&#8243; global_colors_info=&#8221;{}&#8221; custom_padding__hover=&#8221;|||&#8221;][\/et_pb_column][\/et_pb_row][\/et_pb_section][et_pb_section fb_built=&#8221;1&#8243; module_id=&#8221;restaurant-gallery&#8221; _builder_version=&#8221;4.24.0&#8243; background_color=&#8221;#FFFFFF&#8221; custom_padding=&#8221;55px||6px|||&#8221; hover_enabled=&#8221;0&#8243; global_colors_info=&#8221;{}&#8221; disabled_on=&#8221;on|on|on&#8221; disabled=&#8221;on&#8221; sticky_enabled=&#8221;0&#8243;][et_pb_row module_id=&#8221;vini&#8221; _builder_version=&#8221;4.16&#8243; background_size=&#8221;initial&#8221; background_position=&#8221;top_left&#8221; background_repeat=&#8221;repeat&#8221; custom_margin=&#8221;|auto|-4px|auto||&#8221; global_colors_info=&#8221;{}&#8221;][et_pb_column type=&#8221;4_4&#8243; _builder_version=&#8221;4.16&#8243; custom_padding=&#8221;|||&#8221; global_colors_info=&#8221;{}&#8221; custom_padding__hover=&#8221;|||&#8221;][dnxt_divi_text_mask text_mask=&#8221;La nostra selezione di vini&#8221; _builder_version=&#8221;4.16&#8243; _module_preset=&#8221;default&#8221; text_mask_font=&#8221;Cormorant Garamond||||||||&#8221; background_enable_color=&#8221;off&#8221; min_height=&#8221;8px&#8221; custom_margin=&#8221;-2px|||||&#8221; custom_padding=&#8221;||0px|||&#8221; global_colors_info=&#8221;{}&#8221;][\/dnxt_divi_text_mask][\/et_pb_column][\/et_pb_row][\/et_pb_section][et_pb_section fb_built=&#8221;1&#8243; module_id=&#8221;restaurant-booking&#8221; _builder_version=&#8221;4.16&#8243; background_color=&#8221;#FDFCFB&#8221; custom_padding=&#8221;0|0px|0|0px|false|false&#8221; global_colors_info=&#8221;{}&#8221;][et_pb_row _builder_version=&#8221;4.16&#8243; background_color=&#8221;#FDFCFB&#8221; width=&#8221;100%&#8221; max_width=&#8221;100%&#8221; custom_padding=&#8221;0|0px|0|0px|false|false&#8221; use_custom_width=&#8221;on&#8221; width_unit=&#8221;off&#8221; custom_width_percent=&#8221;100%&#8221; global_colors_info=&#8221;{}&#8221;][et_pb_column type=&#8221;4_4&#8243; _builder_version=&#8221;4.16&#8243; custom_padding=&#8221;|||&#8221; global_colors_info=&#8221;{}&#8221; custom_padding__hover=&#8221;|||&#8221;][et_pb_slider arrows_custom_color=&#8221;RGBA(0,94,42,0.63)&#8221; dot_nav_custom_color=&#8221;RGBA(0,94,42,0.63)&#8221; disabled_on=&#8221;on|on|on&#8221; _builder_version=&#8221;4.24.0&#8243; _module_preset=&#8221;default&#8221; header_font=&#8221;Alex Brush||||||||&#8221; header_text_color=&#8221;RGBA(0,94,42,0.63)&#8221; background_color=&#8221;RGBA(255,255,255,0)&#8221; min_height=&#8221;1144px&#8221; custom_margin=&#8221;||-2px|||&#8221; custom_padding=&#8221;0px||44px|||&#8221; disabled=&#8221;on&#8221; global_colors_info=&#8221;{}&#8221;][et_pb_slide heading=&#8221;Vini Biologici&#8221; use_bg_overlay=&#8221;off&#8221; use_text_overlay=&#8221;on&#8221; text_overlay_color=&#8221;RGBA(0,0,0,0)&#8221; arrows_custom_color=&#8221;RGBA(0,94,42,0.63)&#8221; dot_nav_custom_color=&#8221;RGBA(0,94,42,0.63)&#8221; text_border_radius=&#8221;3px&#8221; _builder_version=&#8221;4.16&#8243; _module_preset=&#8221;default&#8221; header_font=&#8221;Alex Brush||||||||&#8221; header_text_color=&#8221;RGBA(0,94,42,0.63)&#8221; header_font_size=&#8221;50px&#8221; header_letter_spacing=&#8221;0px&#8221; body_font=&#8221;Cormorant Garamond||||||||&#8221; body_font_size=&#8221;18px&#8221; background_color=&#8221;#FFFFFF&#8221; background_enable_color=&#8221;on&#8221; background_layout=&#8221;light&#8221; width=&#8221;100%&#8221; max_width=&#8221;100%&#8221; header_text_shadow_style=&#8221;preset3&#8243; global_colors_info=&#8221;{}&#8221; sticky_transition=&#8221;on&#8221;]<\/p>\n<p class=\"p2\"><b><\/b><\/p>\n<p class=\"p2\"><b><\/b><\/p>\n<p class=\"p2\"><b>Cantina Antonelli Bio Wine: Montefalco Umbria<\/b><\/p>\n<p>Montefalco Rosso DOC BIO 14,5%<br \/>\u20ac 20,00\u200b<\/p>\n<p>Montefalco Sagrantino DOCG BIO 14,5%<br \/>\u20ac 40,00\u200b<\/p>\n<p>\u200bMontefalco Sagrantino Passito DOCG 375ml 14% BIO<br \/>\u20ac 35,00\u200b<\/p>\n<p class=\"p2\"><b>Azienda Agricola Cantrina: Bedizzole, Brescia<\/b><\/p>\n<p>ZERDI: Benaco Bresciano Rosso IGT 14%<br \/>\u20ac 25,00\u200b<\/p>\n<p class=\"p2\"><b>Tenuta Santa Lucia: Mercato Saraceno, Emilia Romagna<\/b><\/p>\n<p>S-CE\u2019TT: Rubicone Sangiovese IGT 13% (senza solfiti aggiunti)<br \/>\u20ac 21,00\u200b<\/p>\n<p class=\"p2\"><b>Cantina Fornacella<\/b><\/p>\n<p>Rosso di Montalcino DOC 13%<br \/>\u20ac 30,00\u200b<\/p>\n<p>[\/et_pb_slide][et_pb_slide heading=&#8221;Vigneti Storici&#8221; use_bg_overlay=&#8221;off&#8221; use_text_overlay=&#8221;on&#8221; text_overlay_color=&#8221;RGBA(0,0,0,0)&#8221; arrows_custom_color=&#8221;RGBA(0,94,42,0.63)&#8221; dot_nav_custom_color=&#8221;RGBA(0,94,42,0.63)&#8221; text_border_radius=&#8221;3px&#8221; _builder_version=&#8221;4.16&#8243; _module_preset=&#8221;default&#8221; header_font=&#8221;Alex Brush||||||||&#8221; header_text_color=&#8221;RGBA(0,94,42,0.63)&#8221; header_font_size=&#8221;50px&#8221; header_letter_spacing=&#8221;0px&#8221; body_font=&#8221;Cormorant Garamond||||||||&#8221; body_font_size=&#8221;18px&#8221; background_color=&#8221;#FFFFFF&#8221; background_enable_color=&#8221;on&#8221; background_layout=&#8221;light&#8221; width=&#8221;100%&#8221; max_width=&#8221;100%&#8221; header_text_shadow_style=&#8221;preset3&#8243; global_colors_info=&#8221;{}&#8221; sticky_transition=&#8221;on&#8221;]<\/p>\n<p class=\"p2\"><b><\/b><\/p>\n<p class=\"p2\"><b><\/b><\/p>\n<p class=\"p2\"><b>Cantina Albino Armani: Val d\u2019Adige<\/b><\/p>\n<p>Foja Tonda: Val d\u2019Adige Terra dei Forti DOC 13%<br \/>\u20ac 24,00\u200b<\/p>\n<p class=\"p2\"><b>Cantina Vallarom: Masi di Vo\u2019 Sinistro d\u2019Avio, Trentino<\/b><\/p>\n<p>Foglia frastagliata: Vallagarina Lambrusco IGT 12%<br \/>\u20ac 25,00\u200b<\/p>\n<p class=\"p2\"><b>Azienda Agricola Fedrizzi: Mezzolombardo, Trentino<\/b><\/p>\n<p>Teroldigo: Teroldego Rotaliano DOC 13,5%<br \/>\u20ac 25,00\u200b<\/p>\n<p>[\/et_pb_slide][et_pb_slide heading=&#8221;Vini Rossi&#8221; use_bg_overlay=&#8221;off&#8221; use_text_overlay=&#8221;on&#8221; text_overlay_color=&#8221;RGBA(0,0,0,0)&#8221; arrows_custom_color=&#8221;RGBA(0,94,42,0.63)&#8221; dot_nav_custom_color=&#8221;RGBA(0,94,42,0.63)&#8221; text_border_radius=&#8221;3px&#8221; _builder_version=&#8221;4.16&#8243; _module_preset=&#8221;default&#8221; header_font=&#8221;Alex Brush||||||||&#8221; header_text_color=&#8221;RGBA(0,94,42,0.63)&#8221; header_font_size=&#8221;50px&#8221; header_letter_spacing=&#8221;0px&#8221; body_font=&#8221;Cormorant Garamond||||||||&#8221; body_font_size=&#8221;18px&#8221; background_color=&#8221;#FFFFFF&#8221; background_enable_color=&#8221;on&#8221; background_layout=&#8221;light&#8221; width=&#8221;100%&#8221; max_width=&#8221;100%&#8221; header_text_shadow_style=&#8221;preset3&#8243; global_colors_info=&#8221;{}&#8221; sticky_transition=&#8221;on&#8221;]<\/p>\n<p class=\"p2\"><b><\/b><\/p>\n<p class=\"p2\"><b><\/b><\/p>\n<p class=\"p2\"><b>Cantina Aldegheri: Sant\u2019Ambrogio di Valpolicella<\/b><\/p>\n<p>\u200bLe Pietre IGT ( Uva: Corvina, Cabernet, Rondinella) 13%<br \/>\u20ac 17,00\u200b<\/p>\n<p>\u200bValpolicella Classico Superiore I Lastari DOC 13%<br \/>\u20ac 20,00\u200b<\/p>\n<p>\u200bSengia Rossa IGT ( Uva: Corvina, Merlot, Rondinella) 14%<br \/>\u20ac 22,00\u200b<\/p>\n<p>\u200bValpolicella Classico Ripasso DOC 14%<br \/>\u20ac 25,00\u200b<\/p>\n<p class=\"p2\"><b>Cantina Valpantena: Torre del Falasco Valpolicella<\/b><\/p>\n<p>\u200bCorvina Veronese IGT 13%<br \/>\u20ac 10,00\u200b<\/p>\n<p>\u200bValpolicella Superiore DOC 13,5%<br \/>\u20ac 13,00\u200b<\/p>\n<p>\u200bValpolicella Ripasso DOC 14%<br \/>\u20ac 15,00\u200b<\/p>\n<p class=\"p2\"><b>Cantina Farina: San Pietro in Cariano<\/b><\/p>\n<p>\u200b\u201cNodo D\u2019Amore\u201d Rosso Trevenezie IGT 14%<br \/>\u20ac 20,00\u200b<\/p>\n<p class=\"p2\"><b>Cantina Costadoro: Bardolino<\/b><\/p>\n<p>\u200bBardolino Classico DOC 12%<br \/>\u20ac 10,00\u200b<\/p>\n<p>\u200bBardolino Classico Superiore DOCG 14%<br \/>\u20ac 14,00\u200b<\/p>\n<p class=\"p2\"><b>Cantina Poggi: Affi<\/b><\/p>\n<p>\u201cNaker\u201d Merlot IGT Verona 14%<br \/>\u20ac 13,00\u200b<\/p>\n<p class=\"Corpo\"><strong>Cantina Salizoni: Calliano, Trentino<\/strong><\/p>\n<p>Marzemino Trentino DOP 12,5%<br \/>\u20ac 18,00\u200b<\/p>\n<p>[\/et_pb_slide][et_pb_slide heading=&#8221;Vini Bianchi&#8221; use_bg_overlay=&#8221;off&#8221; use_text_overlay=&#8221;on&#8221; text_overlay_color=&#8221;RGBA(0,0,0,0)&#8221; arrows_custom_color=&#8221;RGBA(0,94,42,0.63)&#8221; dot_nav_custom_color=&#8221;RGBA(0,94,42,0.63)&#8221; text_border_radius=&#8221;3px&#8221; _builder_version=&#8221;4.16&#8243; _module_preset=&#8221;default&#8221; header_font=&#8221;Alex Brush||||||||&#8221; header_text_color=&#8221;RGBA(0,94,42,0.63)&#8221; header_font_size=&#8221;50px&#8221; header_letter_spacing=&#8221;0px&#8221; body_font=&#8221;Cormorant Garamond||||||||&#8221; body_font_size=&#8221;18px&#8221; background_color=&#8221;#FFFFFF&#8221; background_enable_color=&#8221;on&#8221; background_layout=&#8221;light&#8221; width=&#8221;100%&#8221; max_width=&#8221;100%&#8221; header_text_shadow_style=&#8221;preset3&#8243; global_colors_info=&#8221;{}&#8221; sticky_transition=&#8221;on&#8221;]<\/p>\n<p class=\"p2\"><b><\/b><\/p>\n<p class=\"p2\"><b><\/b><\/p>\n<p class=\"p2\"><b>Cantina Aldegheri: Sant\u2019Ambrogio di Valpolicella<\/b><\/p>\n<p>Zaleo DOC Custoza 12%<br \/>\u20ac 10,00\u200b<\/p>\n<p class=\"p2\"><b>Cantina Valpantena: Torre del Falasco Valpolicella<\/b><\/p>\n<p>Garganega IGT 13%<br \/>\u20ac 10,00\u200b<\/p>\n<p class=\"p2\"><b>Cantina Colli Morenici: Ponti Sul Mincio<\/b><\/p>\n<p>Garda DOC frizzante 11,5%<br \/>\u20ac 10,00\u200b<\/p>\n<p class=\"p2\"><b>Cantina Spagnol: Col Del Sas Valdobbiadene<\/b><\/p>\n<p>Prosecco Extra Dry DOCG 11%<br \/>\u20ac 17,00\u200b<\/p>\n<p class=\"p2\"><b>Cantina Madonna Delle Vittorie: Arco<\/b><\/p>\n<p>Trento DOC Metodo Classico 12,5%<br \/>\u20ac 25,00\u200b<\/p>\n<p class=\"p2\"><b>Cantina Zenato: Verona<\/b><\/p>\n<p>Lugana Santa Cristina DOC 13%<br \/>\u20ac 21,00\u200b<\/p>\n<p class=\"p2\"><strong>Cantina Albino Armani: Peschiera del Garda<\/strong><\/p>\n<p>Lugana DOC: uva Turbiana 13,5%<br \/>\u20ac 17,00\u200b<\/p>\n<p class=\"p2\"><strong>Cantina Borgo dei Posseri: Ala, Trentino<\/strong><\/p>\n<p>Quaron: M\u00fcller Thurgau IGT 12,5%<br \/>\u20ac 20,00\u200b<\/p>\n<p class=\"Corpo\"><strong>Azienda Agricola Le Battistelle: Monteforte d\u2019Alpone<\/strong><\/p>\n<p>Soave DOC Classico, 12,5%<br \/>\u20ac 16,00\u200b<\/p>\n<p>[\/et_pb_slide][et_pb_slide heading=&#8221;Bevande alla Spina&#8221; use_bg_overlay=&#8221;off&#8221; use_text_overlay=&#8221;on&#8221; text_overlay_color=&#8221;RGBA(0,0,0,0)&#8221; arrows_custom_color=&#8221;RGBA(0,94,42,0.63)&#8221; dot_nav_custom_color=&#8221;RGBA(0,94,42,0.63)&#8221; text_border_radius=&#8221;3px&#8221; _builder_version=&#8221;4.16&#8243; _module_preset=&#8221;default&#8221; header_font=&#8221;Alex Brush||||||||&#8221; header_text_color=&#8221;RGBA(0,94,42,0.63)&#8221; header_font_size=&#8221;50px&#8221; header_letter_spacing=&#8221;0px&#8221; body_font=&#8221;Cormorant Garamond||||||||&#8221; body_font_size=&#8221;18px&#8221; background_color=&#8221;#FFFFFF&#8221; background_enable_color=&#8221;on&#8221; background_layout=&#8221;light&#8221; width=&#8221;100%&#8221; max_width=&#8221;100%&#8221; header_text_shadow_style=&#8221;preset3&#8243; global_colors_info=&#8221;{}&#8221; sticky_transition=&#8221;on&#8221;]<\/p>\n<p class=\"p2\"><b><\/b><\/p>\n<p class=\"p2\"><b><\/b><\/p>\n<p><strong>Rosso<\/strong><br \/>Cantina Costadoro 12%<br \/>250ml \u20ac 2,50<br \/>500ml \u20ac 5,00<br \/>1000ml \u20ac 10,00<\/p>\n<p>&nbsp;<\/p>\n<p><strong>Bianco<br \/><\/strong>Cantina Montindon 12%<br \/>250ml \u20ac 2,50<br \/>500ml \u20ac 5,00<br \/>1000ml \u20ac 10,00<\/p>\n<p>&nbsp;<\/p>\n<p><strong>Birra<br \/><\/strong><strong><\/strong>HB Hofbr\u00e4u Original Mu\u0308nchen<br \/>200ml \u20ac 2,50<br \/>400ml \u20ac 4,50<\/p>\n<p>[\/et_pb_slide][\/et_pb_slider][\/et_pb_column][\/et_pb_row][\/et_pb_section][et_pb_section fb_built=&#8221;1&#8243; disabled_on=&#8221;on|on|on&#8221; module_id=&#8221;restaurant-history&#8221; _builder_version=&#8221;4.24.0&#8243; background_color=&#8221;RGBA(0,0,0,0)&#8221; use_background_color_gradient=&#8221;on&#8221; background_color_gradient_direction=&#8221;360deg&#8221; background_color_gradient_stops=&#8221;rgba(0,94,42,0.63) 0%|#ffffff 100%&#8221; background_color_gradient_start=&#8221;rgba(0,94,42,0.63)&#8221; background_color_gradient_end=&#8221;#ffffff&#8221; custom_margin=&#8221;||-4px|||&#8221; custom_padding=&#8221;||24px|||&#8221; disabled=&#8221;on&#8221; global_colors_info=&#8221;{}&#8221;][et_pb_row column_structure=&#8221;1_2,1_2&#8243; make_equal=&#8221;on&#8221; _builder_version=&#8221;4.16&#8243; custom_padding=&#8221;27px||0px|||&#8221; scroll_blur_enable=&#8221;on&#8221; global_colors_info=&#8221;{}&#8221;][et_pb_column type=&#8221;1_2&#8243; module_class=&#8221;res-col1&#8243; _builder_version=&#8221;4.16&#8243; background_color=&#8221;#FFFFFF&#8221; custom_padding=&#8221;50px|50px|50px|50px&#8221; box_shadow_style=&#8221;preset1&#8243; global_colors_info=&#8221;{}&#8221; custom_padding__hover=&#8221;|||&#8221;][et_pb_text _builder_version=&#8221;4.16&#8243; text_font=&#8221;Poppins||||||||&#8221; text_text_color=&#8221;#efefef&#8221; header_2_font=&#8221;Cormorant Garamond|600|on||||||&#8221; header_2_text_align=&#8221;center&#8221; header_2_text_color=&#8221;RGBA(0,94,42,0.63)&#8221; header_2_font_size=&#8221;47px&#8221; text_orientation=&#8221;center&#8221; custom_margin=&#8221;||0px|&#8221; global_colors_info=&#8221;{}&#8221;]<\/p>\n<h2><span>Orari<\/span><\/h2>\n<p>[\/et_pb_text][et_pb_divider color=&#8221;RGBA(0,94,42,0.63)&#8221; divider_position=&#8221;center&#8221; divider_weight=&#8221;2&#8243; _builder_version=&#8221;4.16&#8243; max_width=&#8221;5%&#8221; module_alignment=&#8221;center&#8221; custom_margin=&#8221;0px|||&#8221; global_colors_info=&#8221;{}&#8221;][\/et_pb_divider][et_pb_text _builder_version=&#8221;4.16&#8243; text_font=&#8221;Cormorant Garamond||||||||&#8221; text_text_color=&#8221;RGBA(0,94,42,0.63)&#8221; text_font_size=&#8221;25px&#8221; text_orientation=&#8221;center&#8221; global_colors_info=&#8221;{}&#8221;]<\/p>\n<p><strong>12:00 \u2013 14:00<\/strong><\/p>\n<p><strong>19:00 \u2013 21:00<\/strong><\/p>\n<p>[\/et_pb_text][et_pb_text _builder_version=&#8221;4.16&#8243; text_font=&#8221;Cormorant Garamond||||||||&#8221; text_text_color=&#8221;RGBA(0,94,42,0.63)&#8221; text_font_size=&#8221;25px&#8221; text_orientation=&#8221;center&#8221; global_colors_info=&#8221;{}&#8221;]<\/p>\n<p>Per informazioni o prenotazioni<br \/>chiamare il numero<\/p>\n<p><span>+39\u00a0<\/span><span aria-label=\"Chiama il numero di telefono 045 628 9060\" role=\"link\">045 628 9060<\/span><\/p>\n<p>[\/et_pb_text][\/et_pb_column][et_pb_column type=&#8221;1_2&#8243; module_class=&#8221;res-col2&#8243; _builder_version=&#8221;4.16&#8243; background_image=&#8221;http:\/\/edelweiss-hotel.it\/wp-content\/uploads\/2021\/05\/IMG_4340-1.jpg&#8221; parallax=&#8221;on&#8221; custom_padding=&#8221;185px||180px|&#8221; global_colors_info=&#8221;{}&#8221; custom_padding__hover=&#8221;|||&#8221;][\/et_pb_column][\/et_pb_row][\/et_pb_section]<\/p>\n","protected":false},"excerpt":{"rendered":"<p><div class=\"et_pb_module dnxt_next_text_highlight dnxt_next_text_highlight_0\">\n\t\t\t\t\n\t\t\t\t\n\t\t\t\t\n\t\t\t\t\n\t\t\t\t\n\t\t\t\t\n\t\t\t\t<div class=\"et_pb_module_inner\">\n\t\t\t\t\t<h1 class=\"dnxt-highlight-intro  dnext_highlight_alignment_center\">\r\n\t\t\t\t\t\r\n\t\t\t\t\t<span class=\"dnxt-text-highlight-animated-wrapper\">\r\n\t\t\t\t\t\t<span class=\"dnxt-text-highlight dnxt-text-highlight-animated-text\">Bar-Bistr\u00f2<\/span>\r\n\t\t\t\t\t\t<span><svg xmlns=\"http:\/\/www.w3.org\/2000\/svg\" viewBox=\"0 0 500 150\" preserveAspectRatio=\"none\"><path d=\"M7.7,145.6C109,125,299.9,116.2,401,121.3c42.1,2.2,87.6,11.8,87.3,25.7\"><\/path><\/svg><\/span>\r\n\t\t\t\t\t<\/span>\r\n\t\t\t\t\t\r\n\t\t\t<\/h1>\n\t\t\t\t<\/div>\n\t\t\t<\/div>Novit\u00e0 2026 \u00e8 il nostro bar bistr\u00f2, dove la magia della montagna si fonde con un&#8217;atmosfera informale e accogliente. Qui potrete gustare un&#8217;ampia gamma di bevande selezionate, accompagnate da stuzzichini preparati con ingredienti freschi e [&hellip;]<\/p>\n","protected":false},"author":1,"featured_media":0,"parent":0,"menu_order":0,"comment_status":"closed","ping_status":"closed","template":"","meta":{"_et_pb_use_builder":"on","_et_pb_old_content":"<!-- wp:divi\/placeholder \/-->","_et_gb_content_width":"","om_disable_all_campaigns":false,"_monsterinsights_skip_tracking":false,"_monsterinsights_sitenote_active":false,"_monsterinsights_sitenote_note":"","_monsterinsights_sitenote_category":0,"footnotes":""},"class_list":["post-1141","page","type-page","status-publish","hentry"],"aioseo_notices":[],"_links":{"self":[{"href":"https:\/\/edelweiss-hotel.it\/index.php?rest_route=\/wp\/v2\/pages\/1141","targetHints":{"allow":["GET"]}}],"collection":[{"href":"https:\/\/edelweiss-hotel.it\/index.php?rest_route=\/wp\/v2\/pages"}],"about":[{"href":"https:\/\/edelweiss-hotel.it\/index.php?rest_route=\/wp\/v2\/types\/page"}],"author":[{"embeddable":true,"href":"https:\/\/edelweiss-hotel.it\/index.php?rest_route=\/wp\/v2\/users\/1"}],"replies":[{"embeddable":true,"href":"https:\/\/edelweiss-hotel.it\/index.php?rest_route=%2Fwp%2Fv2%2Fcomments&post=1141"}],"version-history":[{"count":47,"href":"https:\/\/edelweiss-hotel.it\/index.php?rest_route=\/wp\/v2\/pages\/1141\/revisions"}],"predecessor-version":[{"id":1952,"href":"https:\/\/edelweiss-hotel.it\/index.php?rest_route=\/wp\/v2\/pages\/1141\/revisions\/1952"}],"wp:attachment":[{"href":"https:\/\/edelweiss-hotel.it\/index.php?rest_route=%2Fwp%2Fv2%2Fmedia&parent=1141"}],"curies":[{"name":"wp","href":"https:\/\/api.w.org\/{rel}","templated":true}]}}