{"id":1033,"date":"2021-09-06T18:33:12","date_gmt":"2021-09-06T16:33:12","guid":{"rendered":"https:\/\/edelweiss-hotel.it\/?page_id=1033"},"modified":"2023-04-07T14:10:20","modified_gmt":"2023-04-07T12:10:20","slug":"das-restaurant","status":"publish","type":"page","link":"https:\/\/edelweiss-hotel.it\/?page_id=1033","title":{"rendered":"Das Restaurant"},"content":{"rendered":"<p>[et_pb_section fb_built=&#8221;1&#8243; module_id=&#8221;restaurant-banner&#8221; _builder_version=&#8221;4.9.10&#8243; background_color=&#8221;RGBA(0,0,0,0)&#8221; background_image=&#8221;http:\/\/edelweiss-hotel.it\/wp-content\/uploads\/2021\/07\/photo_2021-07-18-20.20.18.jpeg&#8221; parallax=&#8221;on&#8221; custom_padding=&#8221;300px||300px|&#8221;][et_pb_row _builder_version=&#8221;3.25&#8243; background_size=&#8221;initial&#8221; background_position=&#8221;top_left&#8221; background_repeat=&#8221;repeat&#8221;][et_pb_column type=&#8221;4_4&#8243; _builder_version=&#8221;3.25&#8243; custom_padding=&#8221;|||&#8221; custom_padding__hover=&#8221;|||&#8221;][dnxt_next_text_highlight highlight_text=&#8221;Das Restaurant&#8221; heading_tag=&#8221;h1&#8243; highlight_alignment=&#8221;center&#8221; stroke_color=&#8221;#FDFCFB&#8221; _builder_version=&#8221;4.9.10&#8243; _module_preset=&#8221;default&#8221; heading_fonts_font=&#8221;Alex Brush||||||||&#8221; animation_fonts_font=&#8221;Cormorant Garamond||on||||||&#8221; animation_fonts_text_color=&#8221;#FDFCFB&#8221; animation_fonts_font_size=&#8221;120px&#8221; animation_fonts_letter_spacing=&#8221;3px&#8221; animation_fonts_font_size_tablet=&#8221;100px&#8221; animation_fonts_font_size_phone=&#8221;70px&#8221; animation_fonts_font_size_last_edited=&#8221;on|tablet&#8221; animation_fonts_text_shadow_style=&#8221;preset3&#8243; animation_fonts_text_shadow_color=&#8221;#FDFCFB&#8221; animation_fonts_text_shadow_horizontal_length__hover_enabled=&#8221;off|desktop&#8221;][\/dnxt_next_text_highlight][\/et_pb_column][\/et_pb_row][\/et_pb_section][et_pb_section fb_built=&#8221;1&#8243; module_id=&#8221;restaurant-history&#8221; _builder_version=&#8221;4.9.10&#8243; background_enable_color=&#8221;off&#8221; use_background_color_gradient=&#8221;on&#8221; background_color_gradient_start=&#8221;rgba(0,94,42,0.63)&#8221; background_color_gradient_end=&#8221;#ffffff&#8221; custom_margin=&#8221;||102px|||&#8221; custom_padding=&#8221;||24px|||&#8221;][et_pb_row column_structure=&#8221;1_2,1_2&#8243; make_equal=&#8221;on&#8221; _builder_version=&#8221;4.9.10&#8243; custom_padding=&#8221;27px||0px|||&#8221; scroll_blur_enable=&#8221;on&#8221;][et_pb_column type=&#8221;1_2&#8243; module_class=&#8221;res-col1&#8243; _builder_version=&#8221;4.9.10&#8243; background_color=&#8221;#FFFFFF&#8221; custom_padding=&#8221;50px|50px|50px|50px&#8221; box_shadow_style=&#8221;preset1&#8243; custom_padding__hover=&#8221;|||&#8221;][et_pb_text _builder_version=&#8221;4.9.10&#8243; text_font=&#8221;Cormorant Garamond||||||||&#8221; text_text_color=&#8221;#005e2a&#8221; text_font_size=&#8221;18px&#8221; text_orientation=&#8221;center&#8221; hover_enabled=&#8221;0&#8243; sticky_enabled=&#8221;0&#8243; custom_padding=&#8221;||4px|||&#8221;]<\/p>\n<p style=\"text-align: left;\"><span>Willkommen in unserem Restaurant, wo Qualit\u00e4t an erster Stelle steht!<\/span><\/p>\n<p style=\"text-align: left;\"><span>Unsere kulinarischen K\u00f6stlichkeiten werden sorgf\u00e4ltig von den besten lokalen Produzenten ausgew\u00e4hlt und garantieren h\u00f6chste Frische und G\u00fcte.<\/span><\/p>\n<p style=\"text-align: left;\"><span>Unser Chefkoch legt seine ganze Leidenschaft und Kreativit\u00e4t in die Zubereitung und verwendet nur qualitativ hochwertige und saisonale Zutaten, um einzigartige und authentische Aromen der Monte Baldo-K\u00fcche zu bieten.<\/span><\/p>\n<p style=\"text-align: left;\"><span>Sie k\u00f6nnen traditionelle Gerichte aus der lokalen Tradition probieren, die auf moderne Weise neu interpretiert und von einer gro\u00dfen Auswahl an lokalen und nationalen Weinen begleitet werden.<\/span><\/p>\n<p style=\"text-align: left;\"><span>Tauchen Sie ein in die warme Atmosph\u00e4re der Berge, genie\u00dfen Sie die atemberaubende Panoramaaussicht und lassen Sie sich von unserer aufmerksamen und freundlichen Familie verw\u00f6hnen.<\/span><\/p>\n<p style=\"text-align: left;\"><span>Kommen Sie und entdecken Sie unser Restaurant, wo die Berge und Qualit\u00e4t f\u00fcr ein unvergessliches kulinarisches Erlebnis zusammenkommen.<\/span><\/p>\n<p style=\"text-align: right;\"><span>Familie Zamperini<\/span><\/p>\n<p>[\/et_pb_text][\/et_pb_column][et_pb_column type=&#8221;1_2&#8243; module_class=&#8221;res-col2&#8243; _builder_version=&#8221;4.9.10&#8243; background_image=&#8221;http:\/\/edelweiss-hotel.it\/wp-content\/uploads\/2022\/05\/20220416_180710_HDR-scaled.jpg&#8221; parallax=&#8221;on&#8221; custom_padding=&#8221;185px||180px|&#8221; box_shadow_style=&#8221;preset1&#8243; custom_padding__hover=&#8221;|||&#8221;][\/et_pb_column][\/et_pb_row][\/et_pb_section][et_pb_section fb_built=&#8221;1&#8243; disabled_on=&#8221;off|off|on&#8221; _builder_version=&#8221;4.9.10&#8243; _module_preset=&#8221;default&#8221; background_color=&#8221;#FDFCFB&#8221; custom_padding=&#8221;0px||0px|||&#8221;][et_pb_row _builder_version=&#8221;4.9.3&#8243; _module_preset=&#8221;default&#8221;][et_pb_column type=&#8221;4_4&#8243; _builder_version=&#8221;4.9.3&#8243; _module_preset=&#8221;default&#8221;][et_pb_text _builder_version=&#8221;4.9.10&#8243; _module_preset=&#8221;default&#8221; text_font=&#8221;Ovo||||||||&#8221; text_orientation=&#8221;center&#8221;]<\/p>\n<p>Tippen Sie auf das Bild, um zu wissen, welches Gericht es ist<\/p>\n<p>[\/et_pb_text][\/et_pb_column][\/et_pb_row][\/et_pb_section][et_pb_section fb_built=&#8221;1&#8243; _builder_version=&#8221;4.9.3&#8243; _module_preset=&#8221;default&#8221; background_color=&#8221;#FDFCFB&#8221; custom_padding=&#8221;||1px|||&#8221;][et_pb_row column_structure=&#8221;1_4,1_4,1_4,1_4&#8243; use_custom_gutter=&#8221;on&#8221; gutter_width=&#8221;1&#8243; make_equal=&#8221;on&#8221; _builder_version=&#8221;4.9.10&#8243; _module_preset=&#8221;default&#8221; background_color=&#8221;#FDFCFB&#8221; width=&#8221;100%&#8221; max_width=&#8221;2560px&#8221; min_height=&#8221;465.3px&#8221; custom_margin=&#8221;-54px|auto||auto||&#8221; custom_padding=&#8221;0px||2px|||&#8221;][et_pb_column type=&#8221;1_4&#8243; _builder_version=&#8221;4.9.3&#8243; _module_preset=&#8221;default&#8221;][dnxtiel_next_image_effect dnxtiel_image=&#8221;http:\/\/edelweiss-hotel.it\/wp-content\/uploads\/2021\/05\/IMG_3976.jpg&#8221; dnxtiel_heading_text=&#8221;Tagliatelle&#8221; dnxtiel_description=&#8221;<\/p>\n<p>with Finferli e Porcini mushrooms<\/p>\n<p>&#8221; dnxtiel_hover_bg=&#8221;rgba(191,168,163,0.7)&#8221; dnxtiel_hover_gradient_show_hide=&#8221;on&#8221; dnxtiel_hover_gradient_color_one=&#8221;rgba(140,95,69,0.7)&#8221; dnxtiel_hover_gradient_color_two=&#8221;#BFA8A3&#8243; dnxtiel_hover_gradient_type=&#8221;radial-gradient&#8221; _builder_version=&#8221;4.9.3&#8243; _module_preset=&#8221;default&#8221; hover_text_fonts_font=&#8221;Ovo|700||on|||||&#8221; hover_text_fonts_text_align=&#8221;center&#8221; hover_text_fonts_font_size=&#8221;30px&#8221; hover_text_fonts_letter_spacing=&#8221;2px&#8221; hover_text_fonts_line_height=&#8221;2em&#8221; dnxt_body_font=&#8221;Ovo||||||||&#8221; dnxt_body_font_size=&#8221;20px&#8221; dnxt_body_line_height=&#8221;1.8em&#8221;][\/dnxtiel_next_image_effect][\/et_pb_column][et_pb_column type=&#8221;1_4&#8243; _builder_version=&#8221;4.9.3&#8243; _module_preset=&#8221;default&#8221;][dnxtiel_next_image_effect dnxtiel_image=&#8221;http:\/\/edelweiss-hotel.it\/wp-content\/uploads\/2021\/05\/IMG_4089.jpg&#8221; dnxtiel_heading_text=&#8221;Gnocchi&#8221; dnxtiel_description=&#8221;<\/p>\n<p>with carrots, wild boar sauce and Pecorino<\/p>\n<p>&#8221; dnxtiel_hover_bg=&#8221;rgba(191,168,163,0.7)&#8221; dnxtiel_hover_gradient_show_hide=&#8221;on&#8221; dnxtiel_hover_gradient_color_one=&#8221;rgba(140,95,69,0.7)&#8221; dnxtiel_hover_gradient_color_two=&#8221;#BFA8A3&#8243; dnxtiel_hover_gradient_type=&#8221;radial-gradient&#8221; _builder_version=&#8221;4.9.3&#8243; _module_preset=&#8221;default&#8221; hover_text_fonts_font=&#8221;Ovo|700||on|||||&#8221; hover_text_fonts_text_align=&#8221;center&#8221; hover_text_fonts_font_size=&#8221;30px&#8221; hover_text_fonts_letter_spacing=&#8221;2px&#8221; hover_text_fonts_line_height=&#8221;2em&#8221; dnxt_body_font=&#8221;Ovo||||||||&#8221; dnxt_body_font_size=&#8221;20px&#8221; dnxt_body_line_height=&#8221;1.8em&#8221;][\/dnxtiel_next_image_effect][\/et_pb_column][et_pb_column type=&#8221;1_4&#8243; _builder_version=&#8221;4.9.3&#8243; _module_preset=&#8221;default&#8221;][dnxtiel_next_image_effect dnxtiel_image=&#8221;http:\/\/edelweiss-hotel.it\/wp-content\/uploads\/2021\/05\/IMG_4028.jpg&#8221; dnxtiel_heading_text=&#8221;Tagliatelle&#8221; dnxtiel_description=&#8221;<\/p>\n<p>with winter pesto made with purple basil, pomegranate, almonds, red turnip and alpine cheese<\/p>\n<p>&#8221; dnxtiel_hover_bg=&#8221;rgba(191,168,163,0.7)&#8221; dnxtiel_hover_gradient_show_hide=&#8221;on&#8221; dnxtiel_hover_gradient_color_one=&#8221;rgba(140,95,69,0.7)&#8221; dnxtiel_hover_gradient_color_two=&#8221;#BFA8A3&#8243; dnxtiel_hover_gradient_type=&#8221;radial-gradient&#8221; _builder_version=&#8221;4.9.3&#8243; _module_preset=&#8221;default&#8221; hover_text_fonts_font=&#8221;Ovo|700||on|||||&#8221; hover_text_fonts_text_align=&#8221;center&#8221; hover_text_fonts_font_size=&#8221;30px&#8221; hover_text_fonts_letter_spacing=&#8221;2px&#8221; hover_text_fonts_line_height=&#8221;2em&#8221; dnxt_body_font=&#8221;Ovo||||||||&#8221; dnxt_body_font_size=&#8221;20px&#8221; dnxt_body_line_height=&#8221;1.8em&#8221;][\/dnxtiel_next_image_effect][\/et_pb_column][et_pb_column type=&#8221;1_4&#8243; _builder_version=&#8221;4.9.3&#8243; _module_preset=&#8221;default&#8221;][dnxtiel_next_image_effect dnxtiel_image=&#8221;http:\/\/edelweiss-hotel.it\/wp-content\/uploads\/2021\/05\/IMG_3970.jpg&#8221; dnxtiel_heading_text=&#8221;Tagliatelle&#8221; dnxtiel_description=&#8221;<\/p>\n<p>Pesto Baldino with wild spinach, chives, walnuts and alpine cheese<\/p>\n<p>&#8221; dnxtiel_hover_bg=&#8221;rgba(191,168,163,0.7)&#8221; dnxtiel_hover_gradient_show_hide=&#8221;on&#8221; dnxtiel_hover_gradient_color_one=&#8221;rgba(140,95,69,0.7)&#8221; dnxtiel_hover_gradient_color_two=&#8221;#BFA8A3&#8243; dnxtiel_hover_gradient_type=&#8221;radial-gradient&#8221; _builder_version=&#8221;4.9.3&#8243; _module_preset=&#8221;default&#8221; hover_text_fonts_font=&#8221;Ovo|700||on|||||&#8221; hover_text_fonts_text_align=&#8221;center&#8221; hover_text_fonts_font_size=&#8221;30px&#8221; hover_text_fonts_letter_spacing=&#8221;2px&#8221; hover_text_fonts_line_height=&#8221;2em&#8221; dnxt_body_font=&#8221;Ovo||||||||&#8221; dnxt_body_font_size=&#8221;20px&#8221; dnxt_body_line_height=&#8221;1.8em&#8221;][\/dnxtiel_next_image_effect][\/et_pb_column][\/et_pb_row][\/et_pb_section][et_pb_section fb_built=&#8221;1&#8243; _builder_version=&#8221;4.9.3&#8243; _module_preset=&#8221;default&#8221; custom_padding=&#8221;||0px|||&#8221;][et_pb_row column_structure=&#8221;1_5,1_5,1_5,1_5,1_5&#8243; use_custom_gutter=&#8221;on&#8221; gutter_width=&#8221;1&#8243; make_equal=&#8221;on&#8221; _builder_version=&#8221;4.9.10&#8243; _module_preset=&#8221;default&#8221; background_color=&#8221;#FDFCFB&#8221; width=&#8221;100%&#8221; max_width=&#8221;2560px&#8221; min_height=&#8221;403px&#8221; custom_margin=&#8221;-54px|auto||auto||&#8221; custom_padding=&#8221;0px||2px|||&#8221;][et_pb_column type=&#8221;1_5&#8243; _builder_version=&#8221;4.9.3&#8243; _module_preset=&#8221;default&#8221;][dnxtiel_next_image_effect dnxtiel_image=&#8221;http:\/\/edelweiss-hotel.it\/wp-content\/uploads\/2021\/05\/IMG_4093.jpg&#8221; dnxtiel_heading_text=&#8221;Canederli&#8221; dnxtiel_description=&#8221;<\/p>\n<p>nettles with Gorgonzola sauce<\/p>\n<p>&#8221; dnxtiel_hover_bg=&#8221;rgba(191,168,163,0.7)&#8221; dnxtiel_hover_gradient_show_hide=&#8221;on&#8221; dnxtiel_hover_gradient_color_one=&#8221;rgba(140,95,69,0.7)&#8221; dnxtiel_hover_gradient_color_two=&#8221;#BFA8A3&#8243; dnxtiel_hover_gradient_type=&#8221;radial-gradient&#8221; _builder_version=&#8221;4.9.3&#8243; _module_preset=&#8221;default&#8221; hover_text_fonts_font=&#8221;Ovo|700||on|||||&#8221; hover_text_fonts_text_align=&#8221;center&#8221; hover_text_fonts_font_size=&#8221;30px&#8221; hover_text_fonts_letter_spacing=&#8221;2px&#8221; hover_text_fonts_line_height=&#8221;2em&#8221; dnxt_body_font=&#8221;Ovo||||||||&#8221; dnxt_body_font_size=&#8221;20px&#8221; dnxt_body_line_height=&#8221;1.8em&#8221; custom_margin=&#8221;-9px|||||&#8221;][\/dnxtiel_next_image_effect][\/et_pb_column][et_pb_column type=&#8221;1_5&#8243; _builder_version=&#8221;4.9.3&#8243; _module_preset=&#8221;default&#8221;][dnxtiel_next_image_effect dnxtiel_image=&#8221;http:\/\/edelweiss-hotel.it\/wp-content\/uploads\/2021\/05\/IMG_3999.jpg&#8221; dnxtiel_heading_text=&#8221;Pizze&#8221; dnxtiel_description=&#8221;<\/p>\n<p>with various ingredients<\/p>\n<p>&#8221; dnxtiel_hover_bg=&#8221;rgba(191,168,163,0.7)&#8221; dnxtiel_hover_gradient_show_hide=&#8221;on&#8221; dnxtiel_hover_gradient_color_one=&#8221;rgba(140,95,69,0.7)&#8221; dnxtiel_hover_gradient_color_two=&#8221;#BFA8A3&#8243; dnxtiel_hover_gradient_type=&#8221;radial-gradient&#8221; _builder_version=&#8221;4.9.3&#8243; _module_preset=&#8221;default&#8221; hover_text_fonts_font=&#8221;Ovo|700||on|||||&#8221; hover_text_fonts_text_align=&#8221;center&#8221; hover_text_fonts_font_size=&#8221;30px&#8221; hover_text_fonts_letter_spacing=&#8221;2px&#8221; hover_text_fonts_line_height=&#8221;2em&#8221; dnxt_body_font=&#8221;Ovo||||||||&#8221; dnxt_body_font_size=&#8221;20px&#8221; dnxt_body_line_height=&#8221;1.8em&#8221; custom_margin=&#8221;-9px|||||&#8221;][\/dnxtiel_next_image_effect][\/et_pb_column][et_pb_column type=&#8221;1_5&#8243; _builder_version=&#8221;4.9.3&#8243; _module_preset=&#8221;default&#8221;][dnxtiel_next_image_effect dnxtiel_image=&#8221;http:\/\/edelweiss-hotel.it\/wp-content\/uploads\/2021\/05\/IMG_3332.jpg&#8221; dnxtiel_heading_text=&#8221;Semifreddo&#8221; dnxtiel_heading_tag=&#8221;h5&#8243; dnxtiel_description=&#8221;<\/p>\n<p>peaches with passion fruit sauce and amaretto crumble<\/p>\n<p>&#8221; dnxtiel_hover_bg=&#8221;rgba(191,168,163,0.7)&#8221; dnxtiel_hover_gradient_show_hide=&#8221;on&#8221; dnxtiel_hover_gradient_color_one=&#8221;rgba(140,95,69,0.7)&#8221; dnxtiel_hover_gradient_color_two=&#8221;#BFA8A3&#8243; dnxtiel_hover_gradient_type=&#8221;radial-gradient&#8221; _builder_version=&#8221;4.9.3&#8243; _module_preset=&#8221;default&#8221; hover_text_fonts_font=&#8221;Ovo|700||on|||||&#8221; hover_text_fonts_text_align=&#8221;center&#8221; hover_text_fonts_font_size=&#8221;30px&#8221; hover_text_fonts_letter_spacing=&#8221;2px&#8221; hover_text_fonts_line_height=&#8221;2em&#8221; dnxt_body_font=&#8221;Ovo||||||||&#8221; dnxt_body_font_size=&#8221;20px&#8221; dnxt_body_line_height=&#8221;1.8em&#8221; custom_margin=&#8221;-9px|||||&#8221;][\/dnxtiel_next_image_effect][\/et_pb_column][et_pb_column type=&#8221;1_5&#8243; _builder_version=&#8221;4.9.3&#8243; _module_preset=&#8221;default&#8221;][dnxtiel_next_image_effect dnxtiel_image=&#8221;http:\/\/edelweiss-hotel.it\/wp-content\/uploads\/2021\/05\/IMG_3247.jpg&#8221; dnxtiel_heading_text=&#8221;Millefoglie&#8221; dnxtiel_description=&#8221;<\/p>\n<p>with nettles of Prada<\/p>\n<p>&#8221; dnxtiel_hover_bg=&#8221;rgba(191,168,163,0.7)&#8221; dnxtiel_hover_gradient_show_hide=&#8221;on&#8221; dnxtiel_hover_gradient_color_one=&#8221;rgba(140,95,69,0.7)&#8221; dnxtiel_hover_gradient_color_two=&#8221;#BFA8A3&#8243; dnxtiel_hover_gradient_type=&#8221;radial-gradient&#8221; _builder_version=&#8221;4.9.3&#8243; _module_preset=&#8221;default&#8221; hover_text_fonts_font=&#8221;Ovo|700||on|||||&#8221; hover_text_fonts_text_align=&#8221;center&#8221; hover_text_fonts_font_size=&#8221;30px&#8221; hover_text_fonts_letter_spacing=&#8221;2px&#8221; hover_text_fonts_line_height=&#8221;2em&#8221; dnxt_body_font=&#8221;Ovo||||||||&#8221; dnxt_body_font_size=&#8221;20px&#8221; dnxt_body_line_height=&#8221;1.8em&#8221; custom_margin=&#8221;-9px|||||&#8221;][\/dnxtiel_next_image_effect][\/et_pb_column][et_pb_column type=&#8221;1_5&#8243; _builder_version=&#8221;4.9.3&#8243; _module_preset=&#8221;default&#8221;][dnxtiel_next_image_effect dnxtiel_image=&#8221;http:\/\/edelweiss-hotel.it\/wp-content\/uploads\/2021\/05\/IMG_2862.jpg&#8221; dnxtiel_heading_text=&#8221;Millefoglie&#8221; dnxtiel_description=&#8221;<\/p>\n<p>classic<\/p>\n<p>&#8221; dnxtiel_hover_bg=&#8221;rgba(191,168,163,0.7)&#8221; dnxtiel_hover_gradient_show_hide=&#8221;on&#8221; dnxtiel_hover_gradient_color_one=&#8221;rgba(140,95,69,0.7)&#8221; dnxtiel_hover_gradient_color_two=&#8221;#BFA8A3&#8243; dnxtiel_hover_gradient_type=&#8221;radial-gradient&#8221; _builder_version=&#8221;4.9.3&#8243; _module_preset=&#8221;default&#8221; hover_text_fonts_font=&#8221;Ovo|700||on|||||&#8221; hover_text_fonts_text_align=&#8221;center&#8221; hover_text_fonts_font_size=&#8221;30px&#8221; hover_text_fonts_letter_spacing=&#8221;2px&#8221; hover_text_fonts_line_height=&#8221;2em&#8221; dnxt_body_font=&#8221;Ovo||||||||&#8221; dnxt_body_font_size=&#8221;20px&#8221; dnxt_body_line_height=&#8221;1.8em&#8221; custom_margin=&#8221;-9px|||||&#8221;][\/dnxtiel_next_image_effect][\/et_pb_column][\/et_pb_row][\/et_pb_section][et_pb_section fb_built=&#8221;1&#8243; module_id=&#8221;restaurant-history&#8221; _builder_version=&#8221;4.9.10&#8243; background_color=&#8221;RGBA(0,0,0,0)&#8221; use_background_color_gradient=&#8221;on&#8221; background_color_gradient_start=&#8221;rgba(0,94,42,0.63)&#8221; background_color_gradient_end=&#8221;#ffffff&#8221; background_color_gradient_direction=&#8221;360deg&#8221; custom_margin=&#8221;||-4px|||&#8221; custom_padding=&#8221;||24px|||&#8221;][et_pb_row column_structure=&#8221;1_2,1_2&#8243; make_equal=&#8221;on&#8221; _builder_version=&#8221;4.9.10&#8243; custom_padding=&#8221;27px||0px|||&#8221; scroll_blur_enable=&#8221;on&#8221;][et_pb_column type=&#8221;1_2&#8243; module_class=&#8221;res-col1&#8243; _builder_version=&#8221;4.9.10&#8243; background_color=&#8221;#FFFFFF&#8221; custom_padding=&#8221;50px|50px|50px|50px&#8221; box_shadow_style=&#8221;preset1&#8243; custom_padding__hover=&#8221;|||&#8221;][et_pb_text _builder_version=&#8221;4.9.10&#8243; text_font=&#8221;Poppins||||||||&#8221; text_text_color=&#8221;#efefef&#8221; header_2_font=&#8221;Cormorant Garamond|600|on||||||&#8221; header_2_text_align=&#8221;center&#8221; header_2_text_color=&#8221;RGBA(0,94,42,0.63)&#8221; header_2_font_size=&#8221;47px&#8221; text_orientation=&#8221;center&#8221; custom_margin=&#8221;||0px|&#8221;]<\/p>\n<h2><span>\u00d6ffnungszeiten<\/span><\/h2>\n<p>[\/et_pb_text][et_pb_divider color=&#8221;#ffffff&#8221; divider_position=&#8221;center&#8221; divider_weight=&#8221;2&#8243; _builder_version=&#8221;3.17.6&#8243; max_width=&#8221;5%&#8221; module_alignment=&#8221;center&#8221; custom_margin=&#8221;0px|||&#8221;][\/et_pb_divider][et_pb_text _builder_version=&#8221;4.9.10&#8243; text_font=&#8221;Cormorant Garamond||||||||&#8221; text_text_color=&#8221;RGBA(0,94,42,0.63)&#8221; text_font_size=&#8221;25px&#8221; text_orientation=&#8221;center&#8221;]<\/p>\n<p><strong>12:00 \u2013 14:00<\/strong><\/p>\n<p><strong>19:00 \u2013 21:00<\/strong><\/p>\n<p><span>Geschlossen am Mittwoch<\/span><\/p>\n<p>[\/et_pb_text][et_pb_text _builder_version=&#8221;4.9.10&#8243; text_font=&#8221;Cormorant Garamond||||||||&#8221; text_text_color=&#8221;RGBA(0,94,42,0.63)&#8221; text_font_size=&#8221;25px&#8221; text_orientation=&#8221;center&#8221;]<\/p>\n<p><span><\/span><\/p>\n<p><span>F\u00fcr Informationen oder Reservierungen:<\/span><\/p>\n<p><span>+39\u00a0<\/span><span aria-label=\"Chiama il numero di telefono 045 628 9060\" role=\"link\">045 628 9060<\/span><\/p>\n<p>[\/et_pb_text][\/et_pb_column][et_pb_column type=&#8221;1_2&#8243; module_class=&#8221;res-col2&#8243; _builder_version=&#8221;4.9.10&#8243; background_image=&#8221;http:\/\/edelweiss-hotel.it\/wp-content\/uploads\/2021\/05\/IMG_4340-1.jpg&#8221; parallax=&#8221;on&#8221; custom_padding=&#8221;185px||180px|&#8221; custom_padding__hover=&#8221;|||&#8221;][\/et_pb_column][\/et_pb_row][\/et_pb_section][et_pb_section fb_built=&#8221;1&#8243; _builder_version=&#8221;4.9.10&#8243; _module_preset=&#8221;default&#8221; background_color=&#8221;#FFFFFF&#8221; min_height=&#8221;272px&#8221; custom_padding=&#8221;||0px|||&#8221;][et_pb_row _builder_version=&#8221;4.9.3&#8243; _module_preset=&#8221;default&#8221;][et_pb_column type=&#8221;4_4&#8243; _builder_version=&#8221;4.9.3&#8243; _module_preset=&#8221;default&#8221;][et_pb_text _builder_version=&#8221;4.9.10&#8243; _module_preset=&#8221;default&#8221; header_font=&#8221;|300|||||||&#8221; header_text_color=&#8221;#000000&#8243; header_font_size=&#8221;53px&#8221; custom_padding=&#8221;68px|||||&#8221; animation_style=&#8221;roll&#8221;]<\/p>\n<h1 style=\"text-align: center;\">Unser Men\u00fc<\/h1>\n<p>[\/et_pb_text][et_pb_button button_url=&#8221;https:\/\/edelweiss-hotel.it\/?page_id=694&#8243; url_new_window=&#8221;on&#8221; button_text=&#8221;Entdecken&#8221; button_alignment=&#8221;center&#8221; _builder_version=&#8221;4.9.10&#8243; _module_preset=&#8221;default&#8221; custom_button=&#8221;on&#8221; button_text_size=&#8221;25px&#8221; button_text_color=&#8221;#000000&#8243; button_bg_use_color_gradient=&#8221;on&#8221; button_bg_color_gradient_start=&#8221;#fcf5ef&#8221; button_bg_color_gradient_end=&#8221;rgba(0,94,42,0.63)&#8221; button_bg_color_gradient_type=&#8221;radial&#8221; button_bg_color_gradient_start_position=&#8221;15%&#8221; button_border_width=&#8221;0px&#8221; button_border_radius=&#8221;5px&#8221; button_letter_spacing=&#8221;2px&#8221; button_font=&#8221;Ovo|||on|||||&#8221; button_icon=&#8221;%%36%%&#8221; custom_margin=&#8221;30px|||||&#8221; custom_padding=&#8221;||0px|||&#8221;][\/et_pb_button][\/et_pb_column][\/et_pb_row][\/et_pb_section]<\/p>\n","protected":false},"excerpt":{"rendered":"<p><div class=\"et_pb_module dnxt_next_text_highlight dnxt_next_text_highlight_0\">\n\t\t\t\t\n\t\t\t\t\n\t\t\t\t\n\t\t\t\t\n\t\t\t\t\n\t\t\t\t\n\t\t\t\t<div class=\"et_pb_module_inner\">\n\t\t\t\t\t<h1 class=\"dnxt-highlight-intro  dnext_highlight_alignment_center\">\r\n\t\t\t\t\t\r\n\t\t\t\t\t<span class=\"dnxt-text-highlight-animated-wrapper\">\r\n\t\t\t\t\t\t<span class=\"dnxt-text-highlight dnxt-text-highlight-animated-text\">Das Restaurant<\/span>\r\n\t\t\t\t\t\t<span><svg xmlns=\"http:\/\/www.w3.org\/2000\/svg\" viewBox=\"0 0 500 150\" preserveAspectRatio=\"none\"><path d=\"M7.7,145.6C109,125,299.9,116.2,401,121.3c42.1,2.2,87.6,11.8,87.3,25.7\"><\/path><\/svg><\/span>\r\n\t\t\t\t\t<\/span>\r\n\t\t\t\t\t\r\n\t\t\t<\/h1>\n\t\t\t\t<\/div>\n\t\t\t<\/div>Willkommen in unserem Restaurant, wo Qualit\u00e4t an erster Stelle steht! Unsere kulinarischen K\u00f6stlichkeiten werden sorgf\u00e4ltig von den besten lokalen Produzenten ausgew\u00e4hlt und garantieren h\u00f6chste Frische und G\u00fcte. Unser Chefkoch legt seine ganze Leidenschaft und Kreativit\u00e4t [&hellip;]<\/p>\n","protected":false},"author":1,"featured_media":0,"parent":0,"menu_order":0,"comment_status":"closed","ping_status":"closed","template":"","meta":{"_et_pb_use_builder":"on","_et_pb_old_content":"<!-- wp:divi\/placeholder \/-->","_et_gb_content_width":"","om_disable_all_campaigns":false,"_monsterinsights_skip_tracking":false,"_monsterinsights_sitenote_active":false,"_monsterinsights_sitenote_note":"","_monsterinsights_sitenote_category":0,"footnotes":""},"class_list":["post-1033","page","type-page","status-publish","hentry"],"aioseo_notices":[],"_links":{"self":[{"href":"https:\/\/edelweiss-hotel.it\/index.php?rest_route=\/wp\/v2\/pages\/1033","targetHints":{"allow":["GET"]}}],"collection":[{"href":"https:\/\/edelweiss-hotel.it\/index.php?rest_route=\/wp\/v2\/pages"}],"about":[{"href":"https:\/\/edelweiss-hotel.it\/index.php?rest_route=\/wp\/v2\/types\/page"}],"author":[{"embeddable":true,"href":"https:\/\/edelweiss-hotel.it\/index.php?rest_route=\/wp\/v2\/users\/1"}],"replies":[{"embeddable":true,"href":"https:\/\/edelweiss-hotel.it\/index.php?rest_route=%2Fwp%2Fv2%2Fcomments&post=1033"}],"version-history":[{"count":11,"href":"https:\/\/edelweiss-hotel.it\/index.php?rest_route=\/wp\/v2\/pages\/1033\/revisions"}],"predecessor-version":[{"id":1633,"href":"https:\/\/edelweiss-hotel.it\/index.php?rest_route=\/wp\/v2\/pages\/1033\/revisions\/1633"}],"wp:attachment":[{"href":"https:\/\/edelweiss-hotel.it\/index.php?rest_route=%2Fwp%2Fv2%2Fmedia&parent=1033"}],"curies":[{"name":"wp","href":"https:\/\/api.w.org\/{rel}","templated":true}]}}